se 9?
-214
What is 2426 (base 9) in base 4?
130032
-13042 (base 5) to base 2
-1111111110
What is -1290 (base 13) in base 4?
-221130
What is 2657 (base 9) in base 12?
11a4
Convert 52911 (base 10) to base 9.
80520
-13b (base 14) to base 4
-3321
What is -250153 (base 6) in base 5?
-1201401
What is -223365 (base 8) in base 15?
-1758e
-23411 (base 9) to base 8
-36433
What is 342 (base 14) in base 11?
538
-10203 (base 5) to base 8
-1246
Convert 11332 (base 4) to base 5.
3012
Convert 14b (base 16) to base 4.
11023
Convert -304a (base 15) to base 7.
-41503
Convert 30556 (base 7) to base 11.
5699
3512 (base 8) to base 2
11101001010
What is -7ad4 (base 16) in base 9?
-47117
Convert -22111 (base 3) to base 13.
-148
66071 (base 9) to base 15
cea4
-2143 (base 5) to base 4
-10222
3121200 (base 4) to base 13
644a
What is -2671 (base 11) in base 7?
-13051
Convert 1443 (base 16) to base 5.
131222
101012 (base 3) to base 12
1ab
Convert 2556 (base 11) to base 14.
12da
2021001110 (base 3) to base 12
21910
What is -5b2 (base 13) in base 5?
-12430
55a (base 13) to base 8
1630
1021121 (base 3) to base 13
56b
What is -95 (base 16) in base 6?
-405
What is -22411 (base 12) in base 9?
-68384
1233221 (base 4) to base 8
15751
What is 1942 (base 15) in base 8?
12526
Convert -10221210 (base 5) to base 2.
-10100111100101101
What is -494 (base 16) in base 5?
-14142
What is -111211 (base 3) in base 14?
-1c9
24311 (base 6) to base 3
11220021
27d7 (base 14) to base 4
1232021
What is -24142 (base 5) in base 3?
-2110120
Convert 30312 (base 6) to base 8.
7644
-60642 (base 10) to base 16
-ece2
11805 (base 9) to base 4
1330013
-bb34 (base 13) to base 2
-110010111010101
Convert -3715 (base 12) to base 3.
-22111222
What is 1 (base 6) in base 3?
1
-210220112 (base 3) to base 12
-92ab
What is -110022 (base 5) in base 12?
-2216
10010010101 (base 2) to base 5
14143
Convert -3001022 (base 4) to base 5.
-343422
-110010010000110 (base 2) to base 7
-135012
What is 1726b (base 13) in base 10?
44367
What is -12012011 (base 3) in base 9?
-5164
What is -16393 (base 11) in base 16?
-5a34
Convert 6a1 (base 16) to base 10.
1697
-11821 (base 15) to base 16
-da17
Convert -2330141 (base 5) to base 10.
-42546
Convert 12022210 (base 3) to base 11.
2a0a
What is 10001110011 (base 2) in base 4?
101303
Convert -13022 (base 5) to base 4.
-33310
290 (base 16) to base 3
220022
What is -11202 (base 4) in base 6?
-1350
Convert -538 (base 13) to base 12.
-624
What is -30 (base 14) in base 12?
-36
What is a6e (base 16) in base 7?
10533
What is -107 (base 12) in base 2?
-10010111
What is -1121022 (base 4) in base 3?
-21211100
-2733 (base 15) to base 16
-20b5
What is 751 (base 15) in base 14?
85d
-3c0 (base 14) to base 12
-530
-27309 (base 10) to base 8
-65255
-191 (base 15) to base 4
-11221
What is -10001 (base 5) in base 11?
-51a
Convert 7523 (base 8) to base 4.
331103
What is 111010 (base 2) in base 10?
58
What is -302001 (base 4) in base 5?
-100301
Convert -10141 (base 9) to base 2.
-1101000010111
Convert -11010000001 (base 2) to base 6.
-11413
Convert -212404 (base 5) to base 13.
-33a1
885 (base 14) to base 16
695
What is 211021 (base 5) in base 6?
52243
What is -32cd (base 14) in base 11?
-6685
Convert -111110100111 (base 2) to base 12.
-239b
10101110110 (base 2) to base 4
111312
-49c4 (base 14) to base 8
-31160
11001101111 (base 2) to base 14
859
14015 (base 7) to base 16
ec9
Convert -3332 (base 8) to base 16.
-6da
Convert -e5e (base 15) to base 14.
-1275
What is 10122121 (base 3) in base 6?
20154
Convert -31004 (base 8) to base 3.
-122120020
22344 (base 8) to base 13
43b6
Convert -34 (base 12) to base 10.
-40
What is a63 (base 14) in base 2?
11111111111
What is -28183 (base 10) in base 5?
-1400213
What is 111010110 (base 2) in base 11?
398
a8 (base 15) to base 16
9e
Convert -99c (base 15) to base 4.
-201330
Convert 766 (base 10) to base 3.
1001101
What is 110234 (base 6) in base 8?
21716
What is -2210122 (base 3) in base 4?
-133322
What is -a4d (base 15) in base 9?
-3161
-761 (base 9) to base 8
-1156
What is 10210 (base 3) in base 11?
93
What is -7165 (base 9) in base 5?
-131433
-24607 (base 10) to base 14
-8d79
Convert 142534 (base 7) to base 5.
1333432
What is 661 (base 8) in base 6?
2001
Convert d44 (base 15) to base 4.
232231
What is -30188 (base 10) in base 15?
-8e28
Convert -9a9 (base 11) to base 16.
-4b8
Convert 532 (base 8) to base 5.
2341
1010100011 (base 2) to base 12
483
What is -146 (base 7) in base 9?
-102
3654 (base 12) to base 11
4657
What is -5a51 (base 16) in base 12?
-11469
Convert -284a (base 13) to base 6.
-42520
What is -10101102 (base 3) in base 12?
-1518
What is 54515 (base 7) in base 15?
408e
a7a1 (base 15) to base 6
432124
Convert 1105311 (base 6) to base 8.
154513
Convert -14886 (base 11) to base 6.
-241203
-21101 (base 6) to base 11
-2157
Convert 5544 (base 10) to base 4.
1112220
What is 1200012 (base 3) in base 14?
632
What is 11010 (base 4) in base 12?
230
552 (base 11) to base 2
1010010110
Convert 35110 (base 6) to base 14.
1b7c
Convert 100212002 (base 3) to base 7.
26642
Convert 1237 (base 11) to base 3.
2012202
Convert -4322 (base 7) to base 10.
-1535
What is -bb14 (base 12) in base 6?
-235224
Convert 70b1 (base 14) to base 11.
13603
Convert d1 (base 16) to base 12.
155
What is 20543 (base 6) in base 16?
aef
-10225 (base 6) to base 13
-827
What is 2304 (base 9) in base 7?
4654
-264 (base 9) to base 12
-164
Convert 1364 (base 14) to base 12.
1b90
-34a (base 15) to base 10
-745
What is -37 (base 10) in base 14?
-29
What is 4300 (base 6) in base 7?
2556
What is 53431 (base 6) in base 3?
101000001
Convert 3066 (base 8) to base 7.
4431
-165 (base 10) to base 6
-433
Convert 101010 (base 3) to base 2.
100010001
What is 1008 (base 12) in base 2?
11011001000
Convert -21aa7 (base 12) to base 3.
-2021102001
-3213 (base 11) to base 13
-1c1b
Convert -160a (base 11) to base 16.
-813
What is -3520 (base 8) in base 11?
-1452
9d2 (base 16) to base 8
4722
What is -156 (base 8) in base 13?
-86
Convert -24222 (base 6) to base 2.
-110111010110
What is -15255 (base 11) in base 13?
-9aa5
-674 (base 9) to base 8
-1051
Convert -22b5 (base 13) to base 4.
-1030100
65 (base 13) to base 15
58
What is 1212 (base 10) in base 7?
3351
Convert 1350 (base 13) to base 7.
11034
What is -1c1c (base 14) in base 11?
-3937
What is -1120332 (base 5) in base 13?
-91b7
Convert 152001 (base 6) to base 16.
3961
-101001111 (base 3) to base 5
-213310
What is -36733 (base 9) in base 2?
-110000001001110
What is 677 (base 8) in base 2?
110111111
656 (base 11) to base 9
1064
-200110 (base 3) to base 4
-13302
5130 (base 7) to base 11
1383
What is 2663 (base 12) in base 9?
6023
-1063 (base 10) to base 16
-427
What is -10010100010 (base 2) in base 13?
-703
What is 31033 (base 4) in base 7?
2320
-353 (base 6) to base 4
-2031
-11120 (base 6) to base 9
-2123
What is -3521 (base 8) in base 6?
-12401
bb2 (base 12) to base 7
5003
Convert -1199 (base 12) to base 16.
-7c5
What is -111 (base 16) in base 10?
-273
What is 42442 (base 5) in base 11?
2181
45b (base 15) to base 2
1111011010
What is 202022002 (base 3) in base 13?
6974
34135 (base 6) to base 13
2261
What is 2645 (base 16) in base 9?
14385
What is -d4 (base 15) in base 10?
-199
-9a (base 14) to base 3
-12001
What is 305040 (base 6) in base 14?
8c92
What is -b8a (base 14) in base 5?
-33103
-1314 (base 5) to base 7
-416
Convert 4771 (base 8) to base 9.
3446
What is -580 (base 11) in base 12?
-499
Convert 1131301 (base 5) to base 7.
114501
Convert -1e6 (base 15) to base 16.
-1b9
Convert -266 (base 16) to base 11.
-509
Convert -1012102 (base 3) to base 9.
-1172
What is 3677 (base 15) in base 5?
332322
What is 621 (base 9) in base 11?
41a
What is -210003 (base 4) in base 8?
-4403
What is 501 (base 8) in base 11?
272
What is 3071 (base 8) in base 3?
2012000
Convert -973 (base 12) to base 14.
-70b
What is 1270 (base 9) in base 2?
1110111010
1110110021 (base 3) to base 13
10126
602a (base 12) to base 6
120054
-a80 (base 12) to base 3
-2002220
-2211121122 (base 3) to base 9
-84548
9308 (base 12) to base 16
3e78
What is -124112 (base 7) in base 13?
-a643
What is 165 (base 13) in base 5?
2002
Convert 44310 (base 5) to base 8.
6010
What is -1607 (base 9) in base 7?
-3364
10121021020 (base 